{"id":1015,"date":"2024-01-15T10:51:27","date_gmt":"2024-01-15T15:51:27","guid":{"rendered":"https:\/\/fablabazuero.utp.ac.pa\/?page_id=1015"},"modified":"2024-01-15T10:53:35","modified_gmt":"2024-01-15T15:53:35","slug":"noticia-4","status":"publish","type":"page","link":"https:\/\/fablabazuero.utp.ac.pa\/?page_id=1015","title":{"rendered":"Noticia-4"},"content":{"rendered":"\t\t<div data-elementor-type=\"wp-page\" data-elementor-id=\"1015\" class=\"elementor elementor-1015\">\n\t\t\t\t\t\t<section class=\"elementor-section elementor-top-section elementor-element elementor-element-90135de elementor-section-boxed elementor-section-height-default elementor-section-height-default\" data-id=\"90135de\" data-element_type=\"section\">\n\t\t\t\t\t\t<div class=\"elementor-container elementor-column-gap-default\">\n\t\t\t\t\t<div class=\"elementor-column elementor-col-100 elementor-top-column elementor-element elementor-element-3825830\" data-id=\"3825830\" data-element_type=\"column\">\n\t\t\t<div class=\"elementor-widget-wrap elementor-element-populated\">\n\t\t\t\t\t\t<div class=\"elementor-element elementor-element-f55090b elementor-widget elementor-widget-heading\" data-id=\"f55090b\" data-element_type=\"widget\" data-widget_type=\"heading.default\">\n\t\t\t\t<div class=\"elementor-widget-container\">\n\t\t\t\t\t<h2 class=\"elementor-heading-title elementor-size-default\">Sustentaci\u00f3n de tesis de pregrado sobre Comportamiento t\u00e9rmico y ac\u00fastico de la paja canalera<\/h2>\t\t\t\t<\/div>\n\t\t\t\t<\/div>\n\t\t\t\t\t<\/div>\n\t\t<\/div>\n\t\t\t\t\t<\/div>\n\t\t<\/section>\n\t\t\t\t<section class=\"elementor-section elementor-top-section elementor-element elementor-element-f78a19b elementor-section-boxed elementor-section-height-default elementor-section-height-default\" data-id=\"f78a19b\" data-element_type=\"section\">\n\t\t\t\t\t\t<div class=\"elementor-container elementor-column-gap-default\">\n\t\t\t\t\t<div class=\"elementor-column elementor-col-100 elementor-top-column elementor-element elementor-element-2ea5bd8\" data-id=\"2ea5bd8\" data-element_type=\"column\">\n\t\t\t<div class=\"elementor-widget-wrap elementor-element-populated\">\n\t\t\t\t\t\t<div class=\"elementor-element elementor-element-7f00fd4 elementor-widget elementor-widget-text-editor\" data-id=\"7f00fd4\" data-element_type=\"widget\" data-widget_type=\"text-editor.default\">\n\t\t\t\t<div class=\"elementor-widget-container\">\n\t\t\t\t\t\t\t\t\t<p>Los estudiantes de la Licenciatura en Ingenier\u00eda Electromec\u00e1nica Kristel Cortez y Malena Navarro sustentaron su trabajo de tesis de pregrado titulado Comportamiento t\u00e9rmico y ac\u00fastico de la paja canalera (Saccharum Spontaneum) para la eficiencia energ\u00e9tica en edificaciones.<\/p><p>Este trabajo fue asesorado por la Dra. Nacar\u00ed Mar\u00edn Calvo y el Ing. Roberto Cigarruista.<\/p><p>La sustentaci\u00f3n de esta tesis se llev\u00f3 a cabo de forma virtual a trav\u00e9s de la Plataforma de Microsoft Tems, el 17 de febrero de 2023.<\/p><p>Este trabajo tuvo como productos publicados:<\/p><ul><li>Cortez, K., Navarro, M., V\u00e1squez, E., &amp; Mar\u00edn, N. (2022). Mejoramiento del potencial de aislante t\u00e9rmico de la mezcla mortero \u2013 agua en oficinas y residencias utilizando materiales de desecho.\u00a0Revista de Iniciaci\u00f3n Cient\u00edfica,\u00a08(2), 76-80.\u00a0<a href=\"https:\/\/doi.org\/10.33412\/rev-ric.v8.2.3676\">https:\/\/doi.org\/10.33412\/rev-ric.v8.2.3676<\/a>\u00a0<a href=\"https:\/\/revistas.utp.ac.pa\/index.php\/ric\/article\/view\/3676\">https:\/\/revistas.utp.ac.pa\/index.php\/ric\/article\/view\/3676<\/a><\/li><li>Participaci\u00f3n en la JIC 2022, con el art\u00edculo: Evaluaci\u00f3n del potencial de paneles fabricados a base de paja canalera (Saccharum spontaneum), como material aislante t\u00e9rmico para la mejora de la eficiencia energ\u00e9tica de un recinto.<\/li><\/ul>\t\t\t\t\t\t\t\t<\/div>\n\t\t\t\t<\/div>\n\t\t\t\t\t<\/div>\n\t\t<\/div>\n\t\t\t\t\t<\/div>\n\t\t<\/section>\n\t\t\t\t<section class=\"elementor-section elementor-top-section elementor-element elementor-element-45029c3 elementor-section-boxed elementor-section-height-default elementor-section-height-default\" data-id=\"45029c3\" data-element_type=\"section\">\n\t\t\t\t\t\t<div class=\"elementor-container elementor-column-gap-default\">\n\t\t\t\t\t<div class=\"elementor-column elementor-col-33 elementor-top-column elementor-element elementor-element-6924643\" data-id=\"6924643\" data-element_type=\"column\">\n\t\t\t<div class=\"elementor-widget-wrap elementor-element-populated\">\n\t\t\t\t\t\t<div class=\"elementor-element elementor-element-256a6f6 elementor-widget elementor-widget-image\" data-id=\"256a6f6\" data-element_type=\"widget\" data-widget_type=\"image.default\">\n\t\t\t\t<div class=\"elementor-widget-container\">\n\t\t\t\t\t\t\t\t\t\t\t\t\t\t\t<img fetchpriority=\"high\" decoding=\"async\" width=\"1024\" height=\"576\" src=\"https:\/\/fablabazuero.utp.ac.pa\/wp-content\/uploads\/2024\/01\/Noticia10-1024x576.jpg\" class=\"attachment-large size-large wp-image-1012\" alt=\"\" srcset=\"https:\/\/fablabazuero.utp.ac.pa\/wp-content\/uploads\/2024\/01\/Noticia10-1024x576.jpg 1024w, https:\/\/fablabazuero.utp.ac.pa\/wp-content\/uploads\/2024\/01\/Noticia10-300x169.jpg 300w, https:\/\/fablabazuero.utp.ac.pa\/wp-content\/uploads\/2024\/01\/Noticia10-768x432.jpg 768w, https:\/\/fablabazuero.utp.ac.pa\/wp-content\/uploads\/2024\/01\/Noticia10-1536x864.jpg 1536w, https:\/\/fablabazuero.utp.ac.pa\/wp-content\/uploads\/2024\/01\/Noticia10.jpg 1600w\" sizes=\"(max-width: 1024px) 100vw, 1024px\" \/>\t\t\t\t\t\t\t\t\t\t\t\t\t\t\t<\/div>\n\t\t\t\t<\/div>\n\t\t\t\t\t<\/div>\n\t\t<\/div>\n\t\t\t\t<div class=\"elementor-column elementor-col-33 elementor-top-column elementor-element elementor-element-ea6e358\" data-id=\"ea6e358\" data-element_type=\"column\">\n\t\t\t<div class=\"elementor-widget-wrap elementor-element-populated\">\n\t\t\t\t\t\t<div class=\"elementor-element elementor-element-a2d888f elementor-widget elementor-widget-image\" data-id=\"a2d888f\" data-element_type=\"widget\" data-widget_type=\"image.default\">\n\t\t\t\t<div class=\"elementor-widget-container\">\n\t\t\t\t\t\t\t\t\t\t\t\t\t\t\t<img decoding=\"async\" width=\"1024\" height=\"576\" src=\"https:\/\/fablabazuero.utp.ac.pa\/wp-content\/uploads\/2024\/01\/Noticia12.jpg\" class=\"attachment-large size-large wp-image-1014\" alt=\"\" srcset=\"https:\/\/fablabazuero.utp.ac.pa\/wp-content\/uploads\/2024\/01\/Noticia12.jpg 1024w, https:\/\/fablabazuero.utp.ac.pa\/wp-content\/uploads\/2024\/01\/Noticia12-300x169.jpg 300w, https:\/\/fablabazuero.utp.ac.pa\/wp-content\/uploads\/2024\/01\/Noticia12-768x432.jpg 768w\" sizes=\"(max-width: 1024px) 100vw, 1024px\" \/>\t\t\t\t\t\t\t\t\t\t\t\t\t\t\t<\/div>\n\t\t\t\t<\/div>\n\t\t\t\t\t<\/div>\n\t\t<\/div>\n\t\t\t\t<div class=\"elementor-column elementor-col-33 elementor-top-column elementor-element elementor-element-bc1c467\" data-id=\"bc1c467\" data-element_type=\"column\">\n\t\t\t<div class=\"elementor-widget-wrap elementor-element-populated\">\n\t\t\t\t\t\t<div class=\"elementor-element elementor-element-dbb6752 elementor-widget elementor-widget-image\" data-id=\"dbb6752\" data-element_type=\"widget\" data-widget_type=\"image.default\">\n\t\t\t\t<div class=\"elementor-widget-container\">\n\t\t\t\t\t\t\t\t\t\t\t\t\t\t\t<img decoding=\"async\" width=\"1024\" height=\"576\" src=\"https:\/\/fablabazuero.utp.ac.pa\/wp-content\/uploads\/2024\/01\/Noticia11.jpg\" class=\"attachment-large size-large wp-image-1013\" alt=\"\" srcset=\"https:\/\/fablabazuero.utp.ac.pa\/wp-content\/uploads\/2024\/01\/Noticia11.jpg 1024w, https:\/\/fablabazuero.utp.ac.pa\/wp-content\/uploads\/2024\/01\/Noticia11-300x169.jpg 300w, https:\/\/fablabazuero.utp.ac.pa\/wp-content\/uploads\/2024\/01\/Noticia11-768x432.jpg 768w\" sizes=\"(max-width: 1024px) 100vw, 1024px\" \/>\t\t\t\t\t\t\t\t\t\t\t\t\t\t\t<\/div>\n\t\t\t\t<\/div>\n\t\t\t\t\t<\/div>\n\t\t<\/div>\n\t\t\t\t\t<\/div>\n\t\t<\/section>\n\t\t\t\t<section class=\"elementor-section elementor-top-section elementor-element elementor-element-7b23f62 elementor-section-boxed elementor-section-height-default elementor-section-height-default\" data-id=\"7b23f62\" data-element_type=\"section\">\n\t\t\t\t\t\t<div class=\"elementor-container elementor-column-gap-default\">\n\t\t\t\t\t<div class=\"elementor-column elementor-col-100 elementor-top-column elementor-element elementor-element-e93c6de\" data-id=\"e93c6de\" data-element_type=\"column\">\n\t\t\t<div class=\"elementor-widget-wrap elementor-element-populated\">\n\t\t\t\t\t\t<div class=\"elementor-element elementor-element-5f6de39 elementor-widget elementor-widget-text-editor\" data-id=\"5f6de39\" data-element_type=\"widget\" data-widget_type=\"text-editor.default\">\n\t\t\t\t<div class=\"elementor-widget-container\">\n\t\t\t\t\t\t\t\t\t<p>Las estudiantes Kristel Cortez y Malena Navarro, estudiantes de la Licenciatura de Ingenier\u00eda Electromec\u00e1nica del Centro Regional de Azuero sustentaron su tesis de pregrado.<\/p>\t\t\t\t\t\t\t\t<\/div>\n\t\t\t\t<\/div>\n\t\t\t\t\t<\/div>\n\t\t<\/div>\n\t\t\t\t\t<\/div>\n\t\t<\/section>\n\t\t\t\t<\/div>\n\t\t","protected":false},"excerpt":{"rendered":"<p>Sustentaci\u00f3n de tesis de pregrado sobre Comportamiento t\u00e9rmico y ac\u00fastico de la paja canalera Los estudiantes de la Licenciatura en Ingenier\u00eda Electromec\u00e1nica Kristel Cortez y Malena Navarro sustentaron su trabajo de tesis de pregrado titulado Comportamiento t\u00e9rmico y ac\u00fastico de la paja canalera (Saccharum Spontaneum) para la eficiencia energ\u00e9tica en edificaciones. Este trabajo fue asesorado [&hellip;]<\/p>\n","protected":false},"author":1,"featured_media":0,"parent":0,"menu_order":0,"comment_status":"closed","ping_status":"closed","template":"","meta":{"saved_in_kubio":false,"footnotes":""},"class_list":["post-1015","page","type-page","status-publish","hentry"],"kubio_ai_page_context":{"short_desc":"","purpose":"general"},"_links":{"self":[{"href":"https:\/\/fablabazuero.utp.ac.pa\/index.php?rest_route=\/wp\/v2\/pages\/1015","targetHints":{"allow":["GET"]}}],"collection":[{"href":"https:\/\/fablabazuero.utp.ac.pa\/index.php?rest_route=\/wp\/v2\/pages"}],"about":[{"href":"https:\/\/fablabazuero.utp.ac.pa\/index.php?rest_route=\/wp\/v2\/types\/page"}],"author":[{"embeddable":true,"href":"https:\/\/fablabazuero.utp.ac.pa\/index.php?rest_route=\/wp\/v2\/users\/1"}],"replies":[{"embeddable":true,"href":"https:\/\/fablabazuero.utp.ac.pa\/index.php?rest_route=%2Fwp%2Fv2%2Fcomments&post=1015"}],"version-history":[{"count":7,"href":"https:\/\/fablabazuero.utp.ac.pa\/index.php?rest_route=\/wp\/v2\/pages\/1015\/revisions"}],"predecessor-version":[{"id":1023,"href":"https:\/\/fablabazuero.utp.ac.pa\/index.php?rest_route=\/wp\/v2\/pages\/1015\/revisions\/1023"}],"wp:attachment":[{"href":"https:\/\/fablabazuero.utp.ac.pa\/index.php?rest_route=%2Fwp%2Fv2%2Fmedia&parent=1015"}],"curies":[{"name":"wp","href":"https:\/\/api.w.org\/{rel}","templated":true}]}}