{"id":1030,"date":"2024-01-15T10:56:44","date_gmt":"2024-01-15T15:56:44","guid":{"rendered":"https:\/\/fablabazuero.utp.ac.pa\/?page_id=1030"},"modified":"2024-01-15T10:58:52","modified_gmt":"2024-01-15T15:58:52","slug":"noticia-5","status":"publish","type":"page","link":"https:\/\/fablabazuero.utp.ac.pa\/?page_id=1030","title":{"rendered":"Noticia-5"},"content":{"rendered":"\t\t<div data-elementor-type=\"wp-page\" data-elementor-id=\"1030\" class=\"elementor elementor-1030\">\n\t\t\t\t\t\t<section class=\"elementor-section elementor-top-section elementor-element elementor-element-3484be4 elementor-section-boxed elementor-section-height-default elementor-section-height-default\" data-id=\"3484be4\" data-element_type=\"section\">\n\t\t\t\t\t\t<div class=\"elementor-container elementor-column-gap-default\">\n\t\t\t\t\t<div class=\"elementor-column elementor-col-100 elementor-top-column elementor-element elementor-element-fb9ea46\" data-id=\"fb9ea46\" data-element_type=\"column\">\n\t\t\t<div class=\"elementor-widget-wrap elementor-element-populated\">\n\t\t\t\t\t\t<div class=\"elementor-element elementor-element-d787243 elementor-widget elementor-widget-heading\" data-id=\"d787243\" data-element_type=\"widget\" data-widget_type=\"heading.default\">\n\t\t\t\t<div class=\"elementor-widget-container\">\n\t\t\t\t\t<h2 class=\"elementor-heading-title elementor-size-default\">Sustentan tesis: Evaluaci\u00f3n del potencial de acondicionamiento termoac\u00fastico a base de fibra de coco, como material de desecho con valor agregado<\/h2>\t\t\t\t<\/div>\n\t\t\t\t<\/div>\n\t\t\t\t\t<\/div>\n\t\t<\/div>\n\t\t\t\t\t<\/div>\n\t\t<\/section>\n\t\t\t\t<section class=\"elementor-section elementor-top-section elementor-element elementor-element-d677be9 elementor-section-boxed elementor-section-height-default elementor-section-height-default\" data-id=\"d677be9\" data-element_type=\"section\">\n\t\t\t\t\t\t<div class=\"elementor-container elementor-column-gap-default\">\n\t\t\t\t\t<div class=\"elementor-column elementor-col-100 elementor-top-column elementor-element elementor-element-62be114\" data-id=\"62be114\" data-element_type=\"column\">\n\t\t\t<div class=\"elementor-widget-wrap elementor-element-populated\">\n\t\t\t\t\t\t<div class=\"elementor-element elementor-element-d72698c elementor-widget elementor-widget-text-editor\" data-id=\"d72698c\" data-element_type=\"widget\" data-widget_type=\"text-editor.default\">\n\t\t\t\t<div class=\"elementor-widget-container\">\n\t\t\t\t\t\t\t\t\t<p>Los estudiantes de la Licenciatura en Ingenier\u00eda Electromec\u00e1nica, Aristides Quintero Gonz\u00e1lez y Adalberto Nieto Pimentel, sustentaron su trabajo de tesis de pregrado titulado: Evaluaci\u00f3n del potencial de acondicionamiento termoac\u00fastico a base de fibra de coco, como material de desecho con valor agregado.<\/p><p>Este trabajo fue asesorado por la Dra. Nacar\u00ed Mar\u00edn Calvo y coasesorado por el Ing. Francisco Canto.<\/p><p>La sustentaci\u00f3n de esta tesis se llev\u00f3 a cabo, de forma presencial, en el Centro Regional de Azuero de la UTP, el 15 de mayo de 2023.<\/p><p>Este trabajo tuvo como productos publicados:<\/p><ul><li>Quintero, A., Nieto, A., R\u00edos, R., &amp; Mar\u00edn, N. (2022). Aprovechamiento de la fibra de coco y cajas de huevo como aislantes ac\u00fasticos residenciales.\u00a0<em>Revista De Iniciaci\u00f3n Cient\u00edfica<\/em>,\u00a0<em>8<\/em>(1), 71-77.\u00a0<a href=\"https:\/\/doi.org\/10.33412\/rev-ric.v8.1.3514\" target=\"_blank\" rel=\"noopener\">https:\/\/doi.org\/10.33412\/rev-ric.v8.1.3514<\/a>\u00a0<\/li><li>Quintero, A., Nieto, A., Canto, F., &amp; Mar\u00edn, N. (2023). Prototipo de tubo de caracterizaci\u00f3n ac\u00fastica \u201cNQacoustics\u201d para evaluaci\u00f3n de materiales naturales y sint\u00e9ticos. En proceso de publicaci\u00f3n.\u00a0<\/li><\/ul><p>Cabe destacar que este trabajo fue ganador de la JIC 2021 y JIC 2022, segundo y tercer lugar, respectivamente, en la Categor\u00eda de Ingenier\u00eda.<\/p><p>\u00a0As\u00ed mismo, ambos estudiantes ganaron movilidades de investigaci\u00f3n en la Universidad Nacional Aut\u00f3noma de M\u00e9xico (UNAM) y Universidad de los Andes, en Bogot\u00e1 Colombia, en donde realizaron parte de sus ensayos. Esta movilidad se dio como parte del Programa de Movilidad Saliente UTP-SENACYT.\u00a0<\/p>\t\t\t\t\t\t\t\t<\/div>\n\t\t\t\t<\/div>\n\t\t\t\t\t<\/div>\n\t\t<\/div>\n\t\t\t\t\t<\/div>\n\t\t<\/section>\n\t\t\t\t<section class=\"elementor-section elementor-top-section elementor-element elementor-element-513c447 elementor-section-boxed elementor-section-height-default elementor-section-height-default\" data-id=\"513c447\" data-element_type=\"section\">\n\t\t\t\t\t\t<div class=\"elementor-container elementor-column-gap-default\">\n\t\t\t\t\t<div class=\"elementor-column elementor-col-33 elementor-top-column elementor-element elementor-element-0e74ce3\" data-id=\"0e74ce3\" data-element_type=\"column\">\n\t\t\t<div class=\"elementor-widget-wrap elementor-element-populated\">\n\t\t\t\t\t\t<div class=\"elementor-element elementor-element-78a4c61 elementor-widget elementor-widget-image\" data-id=\"78a4c61\" data-element_type=\"widget\" data-widget_type=\"image.default\">\n\t\t\t\t<div class=\"elementor-widget-container\">\n\t\t\t\t\t\t\t\t\t\t\t\t\t\t\t<img fetchpriority=\"high\" decoding=\"async\" width=\"1024\" height=\"768\" src=\"https:\/\/fablabazuero.utp.ac.pa\/wp-content\/uploads\/2024\/01\/Noticia13-1024x768.jpg\" class=\"attachment-large size-large wp-image-1027\" alt=\"\" srcset=\"https:\/\/fablabazuero.utp.ac.pa\/wp-content\/uploads\/2024\/01\/Noticia13-1024x768.jpg 1024w, https:\/\/fablabazuero.utp.ac.pa\/wp-content\/uploads\/2024\/01\/Noticia13-300x225.jpg 300w, https:\/\/fablabazuero.utp.ac.pa\/wp-content\/uploads\/2024\/01\/Noticia13-768x576.jpg 768w, https:\/\/fablabazuero.utp.ac.pa\/wp-content\/uploads\/2024\/01\/Noticia13-1536x1152.jpg 1536w, https:\/\/fablabazuero.utp.ac.pa\/wp-content\/uploads\/2024\/01\/Noticia13.jpg 1600w\" sizes=\"(max-width: 1024px) 100vw, 1024px\" \/>\t\t\t\t\t\t\t\t\t\t\t\t\t\t\t<\/div>\n\t\t\t\t<\/div>\n\t\t\t\t\t<\/div>\n\t\t<\/div>\n\t\t\t\t<div class=\"elementor-column elementor-col-33 elementor-top-column elementor-element elementor-element-f88d9d4\" data-id=\"f88d9d4\" data-element_type=\"column\">\n\t\t\t<div class=\"elementor-widget-wrap elementor-element-populated\">\n\t\t\t\t\t\t<div class=\"elementor-element elementor-element-c20ab9c elementor-widget elementor-widget-image\" data-id=\"c20ab9c\" data-element_type=\"widget\" data-widget_type=\"image.default\">\n\t\t\t\t<div class=\"elementor-widget-container\">\n\t\t\t\t\t\t\t\t\t\t\t\t\t\t\t<img decoding=\"async\" width=\"1024\" height=\"768\" src=\"https:\/\/fablabazuero.utp.ac.pa\/wp-content\/uploads\/2024\/01\/Noticia14.jpg\" class=\"attachment-large size-large wp-image-1028\" alt=\"\" srcset=\"https:\/\/fablabazuero.utp.ac.pa\/wp-content\/uploads\/2024\/01\/Noticia14.jpg 1024w, https:\/\/fablabazuero.utp.ac.pa\/wp-content\/uploads\/2024\/01\/Noticia14-300x225.jpg 300w, https:\/\/fablabazuero.utp.ac.pa\/wp-content\/uploads\/2024\/01\/Noticia14-768x576.jpg 768w\" sizes=\"(max-width: 1024px) 100vw, 1024px\" \/>\t\t\t\t\t\t\t\t\t\t\t\t\t\t\t<\/div>\n\t\t\t\t<\/div>\n\t\t\t\t\t<\/div>\n\t\t<\/div>\n\t\t\t\t<div class=\"elementor-column elementor-col-33 elementor-top-column elementor-element elementor-element-e4770a2\" data-id=\"e4770a2\" data-element_type=\"column\">\n\t\t\t<div class=\"elementor-widget-wrap elementor-element-populated\">\n\t\t\t\t\t\t<div class=\"elementor-element elementor-element-966f548 elementor-widget elementor-widget-image\" data-id=\"966f548\" data-element_type=\"widget\" data-widget_type=\"image.default\">\n\t\t\t\t<div class=\"elementor-widget-container\">\n\t\t\t\t\t\t\t\t\t\t\t\t\t\t\t<img decoding=\"async\" width=\"1024\" height=\"768\" src=\"https:\/\/fablabazuero.utp.ac.pa\/wp-content\/uploads\/2024\/01\/Noticia15-e1705335328289.jpg\" class=\"attachment-large size-large wp-image-1029\" alt=\"\" srcset=\"https:\/\/fablabazuero.utp.ac.pa\/wp-content\/uploads\/2024\/01\/Noticia15-e1705335328289.jpg 1024w, https:\/\/fablabazuero.utp.ac.pa\/wp-content\/uploads\/2024\/01\/Noticia15-e1705335328289-300x225.jpg 300w, https:\/\/fablabazuero.utp.ac.pa\/wp-content\/uploads\/2024\/01\/Noticia15-e1705335328289-768x576.jpg 768w\" sizes=\"(max-width: 1024px) 100vw, 1024px\" \/>\t\t\t\t\t\t\t\t\t\t\t\t\t\t\t<\/div>\n\t\t\t\t<\/div>\n\t\t\t\t\t<\/div>\n\t\t<\/div>\n\t\t\t\t\t<\/div>\n\t\t<\/section>\n\t\t\t\t<section class=\"elementor-section elementor-top-section elementor-element elementor-element-0748d62 elementor-section-boxed elementor-section-height-default elementor-section-height-default\" data-id=\"0748d62\" data-element_type=\"section\">\n\t\t\t\t\t\t<div class=\"elementor-container elementor-column-gap-default\">\n\t\t\t\t\t<div class=\"elementor-column elementor-col-100 elementor-top-column elementor-element elementor-element-7f1435a\" data-id=\"7f1435a\" data-element_type=\"column\">\n\t\t\t<div class=\"elementor-widget-wrap elementor-element-populated\">\n\t\t\t\t\t\t<div class=\"elementor-element elementor-element-f639cf1 elementor-widget elementor-widget-text-editor\" data-id=\"f639cf1\" data-element_type=\"widget\" data-widget_type=\"text-editor.default\">\n\t\t\t\t<div class=\"elementor-widget-container\">\n\t\t\t\t\t\t\t\t\t<p>Estudiantes y asesores: Adalberto Nieto, Dra. Nacar\u00ed Mar\u00edn, Aristides Quintero e Ing. Francisco Canto.<\/p>\t\t\t\t\t\t\t\t<\/div>\n\t\t\t\t<\/div>\n\t\t\t\t\t<\/div>\n\t\t<\/div>\n\t\t\t\t\t<\/div>\n\t\t<\/section>\n\t\t\t\t<\/div>\n\t\t","protected":false},"excerpt":{"rendered":"<p>Sustentan tesis: Evaluaci\u00f3n del potencial de acondicionamiento termoac\u00fastico a base de fibra de coco, como material de desecho con valor agregado Los estudiantes de la Licenciatura en Ingenier\u00eda Electromec\u00e1nica, Aristides Quintero Gonz\u00e1lez y Adalberto Nieto Pimentel, sustentaron su trabajo de tesis de pregrado titulado: Evaluaci\u00f3n del potencial de acondicionamiento termoac\u00fastico a base de fibra de [&hellip;]<\/p>\n","protected":false},"author":1,"featured_media":0,"parent":0,"menu_order":0,"comment_status":"closed","ping_status":"closed","template":"","meta":{"saved_in_kubio":false,"footnotes":""},"class_list":["post-1030","page","type-page","status-publish","hentry"],"kubio_ai_page_context":{"short_desc":"","purpose":"general"},"_links":{"self":[{"href":"https:\/\/fablabazuero.utp.ac.pa\/index.php?rest_route=\/wp\/v2\/pages\/1030","targetHints":{"allow":["GET"]}}],"collection":[{"href":"https:\/\/fablabazuero.utp.ac.pa\/index.php?rest_route=\/wp\/v2\/pages"}],"about":[{"href":"https:\/\/fablabazuero.utp.ac.pa\/index.php?rest_route=\/wp\/v2\/types\/page"}],"author":[{"embeddable":true,"href":"https:\/\/fablabazuero.utp.ac.pa\/index.php?rest_route=\/wp\/v2\/users\/1"}],"replies":[{"embeddable":true,"href":"https:\/\/fablabazuero.utp.ac.pa\/index.php?rest_route=%2Fwp%2Fv2%2Fcomments&post=1030"}],"version-history":[{"count":4,"href":"https:\/\/fablabazuero.utp.ac.pa\/index.php?rest_route=\/wp\/v2\/pages\/1030\/revisions"}],"predecessor-version":[{"id":1035,"href":"https:\/\/fablabazuero.utp.ac.pa\/index.php?rest_route=\/wp\/v2\/pages\/1030\/revisions\/1035"}],"wp:attachment":[{"href":"https:\/\/fablabazuero.utp.ac.pa\/index.php?rest_route=%2Fwp%2Fv2%2Fmedia&parent=1030"}],"curies":[{"name":"wp","href":"https:\/\/api.w.org\/{rel}","templated":true}]}}