{"id":1621,"date":"2025-01-30T11:20:48","date_gmt":"2025-01-30T16:20:48","guid":{"rendered":"https:\/\/fablabazuero.utp.ac.pa\/?page_id=1621"},"modified":"2025-01-30T11:22:26","modified_gmt":"2025-01-30T16:22:26","slug":"noticia-24","status":"publish","type":"page","link":"https:\/\/fablabazuero.utp.ac.pa\/?page_id=1621","title":{"rendered":"Noticia 24"},"content":{"rendered":"\t\t<div data-elementor-type=\"wp-page\" data-elementor-id=\"1621\" class=\"elementor elementor-1621\">\n\t\t\t\t\t\t<section class=\"elementor-section elementor-top-section elementor-element elementor-element-06c5a0d elementor-section-boxed elementor-section-height-default elementor-section-height-default\" data-id=\"06c5a0d\" data-element_type=\"section\">\n\t\t\t\t\t\t<div class=\"elementor-container elementor-column-gap-default\">\n\t\t\t\t\t<div class=\"elementor-column elementor-col-100 elementor-top-column elementor-element elementor-element-c033715\" data-id=\"c033715\" data-element_type=\"column\">\n\t\t\t<div class=\"elementor-widget-wrap elementor-element-populated\">\n\t\t\t\t\t\t<div class=\"elementor-element elementor-element-828bfd2 elementor-widget elementor-widget-heading\" data-id=\"828bfd2\" data-element_type=\"widget\" data-widget_type=\"heading.default\">\n\t\t\t\t<div class=\"elementor-widget-container\">\n\t\t\t\t\t<h2 class=\"elementor-heading-title elementor-size-default\">Programa de Maestr\u00eda en Ciencias de la Ingenier\u00eda Mec\u00e1nica participa en XI Congreso de Ingenier\u00eda en Azuero y recibe a profesora visitante<\/h2>\t\t\t\t<\/div>\n\t\t\t\t<\/div>\n\t\t\t\t\t<\/div>\n\t\t<\/div>\n\t\t\t\t\t<\/div>\n\t\t<\/section>\n\t\t\t\t<section class=\"elementor-section elementor-top-section elementor-element elementor-element-d2bf23b elementor-section-boxed elementor-section-height-default elementor-section-height-default\" data-id=\"d2bf23b\" data-element_type=\"section\">\n\t\t\t\t\t\t<div class=\"elementor-container elementor-column-gap-default\">\n\t\t\t\t\t<div class=\"elementor-column elementor-col-100 elementor-top-column elementor-element elementor-element-f2fb6f5\" data-id=\"f2fb6f5\" data-element_type=\"column\">\n\t\t\t<div class=\"elementor-widget-wrap elementor-element-populated\">\n\t\t\t\t\t\t<div class=\"elementor-element elementor-element-aca7240 elementor-widget elementor-widget-text-editor\" data-id=\"aca7240\" data-element_type=\"widget\" data-widget_type=\"text-editor.default\">\n\t\t\t\t<div class=\"elementor-widget-container\">\n\t\t\t\t\t\t\t\t\t<p style=\"margin: 1.5em 0px; color: rgb(0, 0, 0); font-family: Verdana, Tahoma, &quot;DejaVu Sans&quot;, sans-serif; font-size: 14px;\">La primera promoci\u00f3n en Centros Regionales del Programa de Maestr\u00eda en Ciencias de la Ingenier\u00eda Mec\u00e1nica (Azuero) cont\u00f3 con la visita de la Dra. Marina Patricia Arrieta Dillon, Profesora del Departamento de Ingenier\u00eda Qu\u00edmica Industrial y del Medio Ambiente de la Escuela T\u00e9cnica Superior de Ingenieros Industriales de la Universidad Polit\u00e9cnica de Madrid (ETSII-UPM). Del 17 al 20 de septiembre de 2024, la Dra. Marina Arrieta ofreci\u00f3 una capacitaci\u00f3n sobre \u201cNuevas tendencias en envases alimentarios de pol\u00edmeros biobasados\u201d.<\/p><p style=\"margin: 1.5em 0px; color: rgb(0, 0, 0); font-family: Verdana, Tahoma, &quot;DejaVu Sans&quot;, sans-serif; font-size: 14px;\">As\u00ed mismo tuvo la oportunidad de conversar con los estudiantes del Programa de Maestr\u00eda, autoridades y docentes del Centro Regional de Azuero de la Universidad Tecnol\u00f3gica de Panam\u00e1 (UTP), considerando la relevancia de esta actividad acad\u00e9mica y de investigaci\u00f3n, con participaci\u00f3n de un especialista internacional.<\/p><p style=\"margin: 1.5em 0px; color: rgb(0, 0, 0); font-family: Verdana, Tahoma, &quot;DejaVu Sans&quot;, sans-serif; font-size: 14px;\">La Dra. Arrieta orient\u00f3 a los estudiantes del Programa de Maestr\u00eda en temas de investigaci\u00f3n, a trav\u00e9s de consejos pr\u00e1cticos. Tambi\u00e9n tuvo la oportunidad de conversar sobre las posibilidades de realizar pasant\u00edas de investigaci\u00f3n en la Universidad Polit\u00e9cnica de Madrid.<\/p><p style=\"margin: 1.5em 0px; color: rgb(0, 0, 0); font-family: Verdana, Tahoma, &quot;DejaVu Sans&quot;, sans-serif; font-size: 14px;\">La Dra. Arrieta Dill\u00f3n participa como profesora visitante de la Primera Promoci\u00f3n en Centros Regionales del Programa de Maestr\u00edas en Ciencias de la Ingenier\u00eda Mec\u00e1nica, como profesora visitante del Programa. Este proyecto es financiado por la Secretaria Nacional de Ciencia, Tecnolog\u00eda e Innovaci\u00f3n (SENACYT), dentro de la Convocatoria P\u00fablica de Maestr\u00edas Acad\u00e9micas Nuevas, Acreditadas o Consolidadas 2023. La Dra. Arrieta Dillon ha participado activamente desde el planteamiento de la propuesta presentada ante SENACYT, como en el proceso de selecci\u00f3n de los estudiantes del programa. As\u00ed mismo, ha participado como tutora de dos estudiantes de la Universidad Tecnol\u00f3gica de Panam\u00e1 durante los per\u00edodos de agosto a diciembre 2023 (Sergio Gonz\u00e1lez) y de enero a abril 2024 (Virna Montenegro), quienes realizaron movilidades internacionales gracias al apoyo de SENACYT y el Programa de Movilidad Internacional UTP, logrando diferentes avances en sus proyectos. En este sentido, su visita es una nueva oportunidad para estrechar los lazos de colaboraci\u00f3n entre nuestras instituciones.<\/p><p style=\"margin: 1.5em 0px; color: rgb(0, 0, 0); font-family: Verdana, Tahoma, &quot;DejaVu Sans&quot;, sans-serif; font-size: 14px;\">Durante la visita de la Dra. Arrieta, se sostuvieron conversaciones con el Dr. Gabriel Ascanio y el Dr. Gerardo Ruiz, ambos de la Universidad Nacional Aut\u00f3noma de M\u00e9xico, quienes asistieron a dos&nbsp;d\u00edas del Congreso con la intenci\u00f3n de verificar la posibilidad de realizar el IV Congreso Iberoamericano de Instrumentaci\u00f3n y Ciencias Aplicadas-SOMI en nuestro pa\u00eds. Se convers\u00f3 sobre oportunidad de colaboraci\u00f3n entre la UNAM, UPM y UTP. Tambi\u00e9n particip\u00f3 de taller organizado por el FABLAB UTP Azuero, verificando el potencial que tienen los equipos y el personal de este, en la realizaci\u00f3n de proyectos acad\u00e9micos y de investigaci\u00f3n, para beneficio del Centro Regional y de la comunidad en general.<\/p>\t\t\t\t\t\t\t\t<\/div>\n\t\t\t\t<\/div>\n\t\t\t\t\t<\/div>\n\t\t<\/div>\n\t\t\t\t\t<\/div>\n\t\t<\/section>\n\t\t\t\t<section class=\"elementor-section elementor-top-section elementor-element elementor-element-c4a4e3f elementor-section-boxed elementor-section-height-default elementor-section-height-default\" data-id=\"c4a4e3f\" data-element_type=\"section\">\n\t\t\t\t\t\t<div class=\"elementor-container elementor-column-gap-default\">\n\t\t\t\t\t<div class=\"elementor-column elementor-col-50 elementor-top-column elementor-element elementor-element-e7b0006\" data-id=\"e7b0006\" data-element_type=\"column\">\n\t\t\t<div class=\"elementor-widget-wrap elementor-element-populated\">\n\t\t\t\t\t\t<div class=\"elementor-element elementor-element-f372c12 elementor-widget elementor-widget-image\" data-id=\"f372c12\" data-element_type=\"widget\" data-widget_type=\"image.default\">\n\t\t\t\t<div class=\"elementor-widget-container\">\n\t\t\t\t\t\t\t\t\t\t\t\t\t\t\t<img fetchpriority=\"high\" decoding=\"async\" width=\"1024\" height=\"768\" src=\"https:\/\/fablabazuero.utp.ac.pa\/wp-content\/uploads\/2025\/01\/principal-1024x768.jpeg\" class=\"attachment-large size-large wp-image-1625\" alt=\"\" srcset=\"https:\/\/fablabazuero.utp.ac.pa\/wp-content\/uploads\/2025\/01\/principal-1024x768.jpeg 1024w, https:\/\/fablabazuero.utp.ac.pa\/wp-content\/uploads\/2025\/01\/principal-300x225.jpeg 300w, https:\/\/fablabazuero.utp.ac.pa\/wp-content\/uploads\/2025\/01\/principal-768x576.jpeg 768w, https:\/\/fablabazuero.utp.ac.pa\/wp-content\/uploads\/2025\/01\/principal-1536x1152.jpeg 1536w, https:\/\/fablabazuero.utp.ac.pa\/wp-content\/uploads\/2025\/01\/principal-1440x1080.jpeg 1440w, https:\/\/fablabazuero.utp.ac.pa\/wp-content\/uploads\/2025\/01\/principal.jpeg 1600w\" sizes=\"(max-width: 1024px) 100vw, 1024px\" \/>\t\t\t\t\t\t\t\t\t\t\t\t\t\t\t<\/div>\n\t\t\t\t<\/div>\n\t\t\t\t\t<\/div>\n\t\t<\/div>\n\t\t\t\t<div class=\"elementor-column elementor-col-50 elementor-top-column elementor-element elementor-element-051b923\" data-id=\"051b923\" data-element_type=\"column\">\n\t\t\t<div class=\"elementor-widget-wrap elementor-element-populated\">\n\t\t\t\t\t\t<div class=\"elementor-element elementor-element-3d22d1e elementor-widget elementor-widget-image\" data-id=\"3d22d1e\" data-element_type=\"widget\" data-widget_type=\"image.default\">\n\t\t\t\t<div class=\"elementor-widget-container\">\n\t\t\t\t\t\t\t\t\t\t\t\t\t\t\t<img decoding=\"async\" width=\"1024\" height=\"768\" src=\"https:\/\/fablabazuero.utp.ac.pa\/wp-content\/uploads\/2025\/01\/tercera.jpeg\" class=\"attachment-large size-large wp-image-1626\" alt=\"\" srcset=\"https:\/\/fablabazuero.utp.ac.pa\/wp-content\/uploads\/2025\/01\/tercera.jpeg 1024w, https:\/\/fablabazuero.utp.ac.pa\/wp-content\/uploads\/2025\/01\/tercera-300x225.jpeg 300w, https:\/\/fablabazuero.utp.ac.pa\/wp-content\/uploads\/2025\/01\/tercera-768x576.jpeg 768w\" sizes=\"(max-width: 1024px) 100vw, 1024px\" \/>\t\t\t\t\t\t\t\t\t\t\t\t\t\t\t<\/div>\n\t\t\t\t<\/div>\n\t\t\t\t\t<\/div>\n\t\t<\/div>\n\t\t\t\t\t<\/div>\n\t\t<\/section>\n\t\t\t\t<section class=\"elementor-section elementor-top-section elementor-element elementor-element-2944c67 elementor-section-boxed elementor-section-height-default elementor-section-height-default\" data-id=\"2944c67\" data-element_type=\"section\">\n\t\t\t\t\t\t<div class=\"elementor-container elementor-column-gap-default\">\n\t\t\t\t\t<div class=\"elementor-column elementor-col-50 elementor-top-column elementor-element elementor-element-2806265\" data-id=\"2806265\" data-element_type=\"column\">\n\t\t\t<div class=\"elementor-widget-wrap elementor-element-populated\">\n\t\t\t\t\t\t<div class=\"elementor-element elementor-element-c2e2798 elementor-widget elementor-widget-image\" data-id=\"c2e2798\" data-element_type=\"widget\" data-widget_type=\"image.default\">\n\t\t\t\t<div class=\"elementor-widget-container\">\n\t\t\t\t\t\t\t\t\t\t\t\t\t\t\t<img decoding=\"async\" width=\"768\" height=\"576\" src=\"https:\/\/fablabazuero.utp.ac.pa\/wp-content\/uploads\/2025\/01\/cuarta-768x576.jpeg\" class=\"attachment-medium_large size-medium_large wp-image-1623\" alt=\"\" srcset=\"https:\/\/fablabazuero.utp.ac.pa\/wp-content\/uploads\/2025\/01\/cuarta-768x576.jpeg 768w, https:\/\/fablabazuero.utp.ac.pa\/wp-content\/uploads\/2025\/01\/cuarta-300x225.jpeg 300w, https:\/\/fablabazuero.utp.ac.pa\/wp-content\/uploads\/2025\/01\/cuarta.jpeg 1024w\" sizes=\"(max-width: 768px) 100vw, 768px\" \/>\t\t\t\t\t\t\t\t\t\t\t\t\t\t\t<\/div>\n\t\t\t\t<\/div>\n\t\t\t\t\t<\/div>\n\t\t<\/div>\n\t\t\t\t<div class=\"elementor-column elementor-col-50 elementor-top-column elementor-element elementor-element-59f1956\" data-id=\"59f1956\" data-element_type=\"column\">\n\t\t\t<div class=\"elementor-widget-wrap elementor-element-populated\">\n\t\t\t\t\t\t<div class=\"elementor-element elementor-element-d0ceea9 elementor-widget elementor-widget-image\" data-id=\"d0ceea9\" data-element_type=\"widget\" data-widget_type=\"image.default\">\n\t\t\t\t<div class=\"elementor-widget-container\">\n\t\t\t\t\t\t\t\t\t\t\t\t\t\t\t<img loading=\"lazy\" decoding=\"async\" width=\"768\" height=\"576\" src=\"https:\/\/fablabazuero.utp.ac.pa\/wp-content\/uploads\/2025\/01\/whatsapp_image_2024-10-02_at_4.04.17_pm-768x576.jpeg\" class=\"attachment-medium_large size-medium_large wp-image-1616\" alt=\"\" srcset=\"https:\/\/fablabazuero.utp.ac.pa\/wp-content\/uploads\/2025\/01\/whatsapp_image_2024-10-02_at_4.04.17_pm-768x576.jpeg 768w, https:\/\/fablabazuero.utp.ac.pa\/wp-content\/uploads\/2025\/01\/whatsapp_image_2024-10-02_at_4.04.17_pm-300x225.jpeg 300w, https:\/\/fablabazuero.utp.ac.pa\/wp-content\/uploads\/2025\/01\/whatsapp_image_2024-10-02_at_4.04.17_pm.jpeg 1024w\" sizes=\"(max-width: 768px) 100vw, 768px\" \/>\t\t\t\t\t\t\t\t\t\t\t\t\t\t\t<\/div>\n\t\t\t\t<\/div>\n\t\t\t\t\t<\/div>\n\t\t<\/div>\n\t\t\t\t\t<\/div>\n\t\t<\/section>\n\t\t\t\t<\/div>\n\t\t","protected":false},"excerpt":{"rendered":"<p>Programa de Maestr\u00eda en Ciencias de la Ingenier\u00eda Mec\u00e1nica participa en XI Congreso de Ingenier\u00eda en Azuero y recibe a profesora visitante La primera promoci\u00f3n en Centros Regionales del Programa de Maestr\u00eda en Ciencias de la Ingenier\u00eda Mec\u00e1nica (Azuero) cont\u00f3 con la visita de la Dra. Marina Patricia Arrieta Dillon, Profesora del Departamento de Ingenier\u00eda [&hellip;]<\/p>\n","protected":false},"author":2,"featured_media":0,"parent":0,"menu_order":0,"comment_status":"closed","ping_status":"closed","template":"","meta":{"saved_in_kubio":false,"footnotes":""},"class_list":["post-1621","page","type-page","status-publish","hentry"],"kubio_ai_page_context":{"short_desc":"","purpose":"general"},"_links":{"self":[{"href":"https:\/\/fablabazuero.utp.ac.pa\/index.php?rest_route=\/wp\/v2\/pages\/1621","targetHints":{"allow":["GET"]}}],"collection":[{"href":"https:\/\/fablabazuero.utp.ac.pa\/index.php?rest_route=\/wp\/v2\/pages"}],"about":[{"href":"https:\/\/fablabazuero.utp.ac.pa\/index.php?rest_route=\/wp\/v2\/types\/page"}],"author":[{"embeddable":true,"href":"https:\/\/fablabazuero.utp.ac.pa\/index.php?rest_route=\/wp\/v2\/users\/2"}],"replies":[{"embeddable":true,"href":"https:\/\/fablabazuero.utp.ac.pa\/index.php?rest_route=%2Fwp%2Fv2%2Fcomments&post=1621"}],"version-history":[{"count":4,"href":"https:\/\/fablabazuero.utp.ac.pa\/index.php?rest_route=\/wp\/v2\/pages\/1621\/revisions"}],"predecessor-version":[{"id":1629,"href":"https:\/\/fablabazuero.utp.ac.pa\/index.php?rest_route=\/wp\/v2\/pages\/1621\/revisions\/1629"}],"wp:attachment":[{"href":"https:\/\/fablabazuero.utp.ac.pa\/index.php?rest_route=%2Fwp%2Fv2%2Fmedia&parent=1621"}],"curies":[{"name":"wp","href":"https:\/\/api.w.org\/{rel}","templated":true}]}}