{"id":1646,"date":"2025-01-30T11:46:57","date_gmt":"2025-01-30T16:46:57","guid":{"rendered":"https:\/\/fablabazuero.utp.ac.pa\/?page_id=1646"},"modified":"2025-01-30T11:47:22","modified_gmt":"2025-01-30T16:47:22","slug":"noticia-26","status":"publish","type":"page","link":"https:\/\/fablabazuero.utp.ac.pa\/?page_id=1646","title":{"rendered":"Noticia 26"},"content":{"rendered":"\t\t<div data-elementor-type=\"wp-page\" data-elementor-id=\"1646\" class=\"elementor elementor-1646\">\n\t\t\t\t\t\t<section class=\"elementor-section elementor-top-section elementor-element elementor-element-d70b621 elementor-section-boxed elementor-section-height-default elementor-section-height-default\" data-id=\"d70b621\" data-element_type=\"section\">\n\t\t\t\t\t\t<div class=\"elementor-container elementor-column-gap-default\">\n\t\t\t\t\t<div class=\"elementor-column elementor-col-100 elementor-top-column elementor-element elementor-element-044d233\" data-id=\"044d233\" data-element_type=\"column\">\n\t\t\t<div class=\"elementor-widget-wrap elementor-element-populated\">\n\t\t\t\t\t\t<div class=\"elementor-element elementor-element-78f2636 elementor-widget elementor-widget-heading\" data-id=\"78f2636\" data-element_type=\"widget\" data-widget_type=\"heading.default\">\n\t\t\t\t<div class=\"elementor-widget-container\">\n\t\t\t\t\t<h2 class=\"elementor-heading-title elementor-size-default\">PARTICIPACION EN EL XI CONGRESO DE INGENIERIA DE AZUERO<\/h2>\t\t\t\t<\/div>\n\t\t\t\t<\/div>\n\t\t\t\t\t<\/div>\n\t\t<\/div>\n\t\t\t\t\t<\/div>\n\t\t<\/section>\n\t\t\t\t<section class=\"elementor-section elementor-top-section elementor-element elementor-element-fed98a5 elementor-section-boxed elementor-section-height-default elementor-section-height-default\" data-id=\"fed98a5\" data-element_type=\"section\">\n\t\t\t\t\t\t<div class=\"elementor-container elementor-column-gap-default\">\n\t\t\t\t\t<div class=\"elementor-column elementor-col-100 elementor-top-column elementor-element elementor-element-1d8dc29\" data-id=\"1d8dc29\" data-element_type=\"column\">\n\t\t\t<div class=\"elementor-widget-wrap elementor-element-populated\">\n\t\t\t\t\t\t<div class=\"elementor-element elementor-element-e981456 elementor-widget elementor-widget-text-editor\" data-id=\"e981456\" data-element_type=\"widget\" data-widget_type=\"text-editor.default\">\n\t\t\t\t<div class=\"elementor-widget-container\">\n\t\t\t\t\t\t\t\t\t<p class=\"MsoNormal\" style=\"line-height:150%\"><span style=\"font-size:14.0pt;\nline-height:150%\">En nombre de la empresa ICADEL, queremos expresar nuestro m\u00e1s\nsincero agradecimiento a la Universidad Tecnol\u00f3gica de Panam\u00e1, Sede Azuero por\nla invitaci\u00f3n a participar en el XI Congreso de Ingenier\u00eda de Azuero. Fue un\nhonor compartir este espacio con profesionales y estudiantes comprometidos con\nel desarrollo de la ingenier\u00eda en nuestro pa\u00eds.<br>\nApreciamos la oportunidad de intercambiar conocimientos y experiencias, as\u00ed\ncomo de fortalecer la colaboraci\u00f3n entre la academia y la industria. Estamos\nentusiasmados por las posibilidades que se abren a partir de este congreso y\nesperamos seguir trabajando juntos en el futuro.<br>\nGracias nuevamente por su hospitalidad y por organizar un evento tan\nsignificativo.<o:p><\/o:p><\/span><\/p>\t\t\t\t\t\t\t\t<\/div>\n\t\t\t\t<\/div>\n\t\t\t\t\t<\/div>\n\t\t<\/div>\n\t\t\t\t\t<\/div>\n\t\t<\/section>\n\t\t\t\t<section class=\"elementor-section elementor-top-section elementor-element elementor-element-3d47630 elementor-section-boxed elementor-section-height-default elementor-section-height-default\" data-id=\"3d47630\" data-element_type=\"section\">\n\t\t\t\t\t\t<div class=\"elementor-container elementor-column-gap-default\">\n\t\t\t\t\t<div class=\"elementor-column elementor-col-50 elementor-top-column elementor-element elementor-element-efefcd4\" data-id=\"efefcd4\" data-element_type=\"column\">\n\t\t\t<div class=\"elementor-widget-wrap elementor-element-populated\">\n\t\t\t\t\t\t<div class=\"elementor-element elementor-element-9be2d23 elementor-widget elementor-widget-image\" data-id=\"9be2d23\" data-element_type=\"widget\" data-widget_type=\"image.default\">\n\t\t\t\t<div class=\"elementor-widget-container\">\n\t\t\t\t\t\t\t\t\t\t\t\t\t\t\t<img fetchpriority=\"high\" decoding=\"async\" width=\"1024\" height=\"461\" src=\"https:\/\/fablabazuero.utp.ac.pa\/wp-content\/uploads\/2025\/01\/Imagen-de-WhatsApp-2024-09-23-a-las-08.34.44_24a09445-1024x461.jpg\" class=\"attachment-large size-large wp-image-1649\" alt=\"\" srcset=\"https:\/\/fablabazuero.utp.ac.pa\/wp-content\/uploads\/2025\/01\/Imagen-de-WhatsApp-2024-09-23-a-las-08.34.44_24a09445-1024x461.jpg 1024w, https:\/\/fablabazuero.utp.ac.pa\/wp-content\/uploads\/2025\/01\/Imagen-de-WhatsApp-2024-09-23-a-las-08.34.44_24a09445-300x135.jpg 300w, https:\/\/fablabazuero.utp.ac.pa\/wp-content\/uploads\/2025\/01\/Imagen-de-WhatsApp-2024-09-23-a-las-08.34.44_24a09445-768x346.jpg 768w, https:\/\/fablabazuero.utp.ac.pa\/wp-content\/uploads\/2025\/01\/Imagen-de-WhatsApp-2024-09-23-a-las-08.34.44_24a09445.jpg 1280w\" sizes=\"(max-width: 1024px) 100vw, 1024px\" \/>\t\t\t\t\t\t\t\t\t\t\t\t\t\t\t<\/div>\n\t\t\t\t<\/div>\n\t\t\t\t\t<\/div>\n\t\t<\/div>\n\t\t\t\t<div class=\"elementor-column elementor-col-50 elementor-top-column elementor-element elementor-element-38fb3de\" data-id=\"38fb3de\" data-element_type=\"column\">\n\t\t\t<div class=\"elementor-widget-wrap elementor-element-populated\">\n\t\t\t\t\t\t<div class=\"elementor-element elementor-element-eb5d53b elementor-widget elementor-widget-image\" data-id=\"eb5d53b\" data-element_type=\"widget\" data-widget_type=\"image.default\">\n\t\t\t\t<div class=\"elementor-widget-container\">\n\t\t\t\t\t\t\t\t\t\t\t\t\t\t\t<img decoding=\"async\" width=\"1024\" height=\"461\" src=\"https:\/\/fablabazuero.utp.ac.pa\/wp-content\/uploads\/2025\/01\/Imagen-de-WhatsApp-2024-09-23-a-las-08.34.43_b9cddf1e-1024x461.jpg\" class=\"attachment-large size-large wp-image-1648\" alt=\"\" srcset=\"https:\/\/fablabazuero.utp.ac.pa\/wp-content\/uploads\/2025\/01\/Imagen-de-WhatsApp-2024-09-23-a-las-08.34.43_b9cddf1e-1024x461.jpg 1024w, https:\/\/fablabazuero.utp.ac.pa\/wp-content\/uploads\/2025\/01\/Imagen-de-WhatsApp-2024-09-23-a-las-08.34.43_b9cddf1e-300x135.jpg 300w, https:\/\/fablabazuero.utp.ac.pa\/wp-content\/uploads\/2025\/01\/Imagen-de-WhatsApp-2024-09-23-a-las-08.34.43_b9cddf1e-768x346.jpg 768w, https:\/\/fablabazuero.utp.ac.pa\/wp-content\/uploads\/2025\/01\/Imagen-de-WhatsApp-2024-09-23-a-las-08.34.43_b9cddf1e.jpg 1280w\" sizes=\"(max-width: 1024px) 100vw, 1024px\" \/>\t\t\t\t\t\t\t\t\t\t\t\t\t\t\t<\/div>\n\t\t\t\t<\/div>\n\t\t\t\t\t<\/div>\n\t\t<\/div>\n\t\t\t\t\t<\/div>\n\t\t<\/section>\n\t\t\t\t<\/div>\n\t\t","protected":false},"excerpt":{"rendered":"<p>PARTICIPACION EN EL XI CONGRESO DE INGENIERIA DE AZUERO En nombre de la empresa ICADEL, queremos expresar nuestro m\u00e1s sincero agradecimiento a la Universidad Tecnol\u00f3gica de Panam\u00e1, Sede Azuero por la invitaci\u00f3n a participar en el XI Congreso de Ingenier\u00eda de Azuero. Fue un honor compartir este espacio con profesionales y estudiantes comprometidos con el [&hellip;]<\/p>\n","protected":false},"author":2,"featured_media":0,"parent":0,"menu_order":0,"comment_status":"closed","ping_status":"closed","template":"","meta":{"saved_in_kubio":false,"footnotes":""},"class_list":["post-1646","page","type-page","status-publish","hentry"],"kubio_ai_page_context":{"short_desc":"","purpose":"general"},"_links":{"self":[{"href":"https:\/\/fablabazuero.utp.ac.pa\/index.php?rest_route=\/wp\/v2\/pages\/1646","targetHints":{"allow":["GET"]}}],"collection":[{"href":"https:\/\/fablabazuero.utp.ac.pa\/index.php?rest_route=\/wp\/v2\/pages"}],"about":[{"href":"https:\/\/fablabazuero.utp.ac.pa\/index.php?rest_route=\/wp\/v2\/types\/page"}],"author":[{"embeddable":true,"href":"https:\/\/fablabazuero.utp.ac.pa\/index.php?rest_route=\/wp\/v2\/users\/2"}],"replies":[{"embeddable":true,"href":"https:\/\/fablabazuero.utp.ac.pa\/index.php?rest_route=%2Fwp%2Fv2%2Fcomments&post=1646"}],"version-history":[{"count":4,"href":"https:\/\/fablabazuero.utp.ac.pa\/index.php?rest_route=\/wp\/v2\/pages\/1646\/revisions"}],"predecessor-version":[{"id":1652,"href":"https:\/\/fablabazuero.utp.ac.pa\/index.php?rest_route=\/wp\/v2\/pages\/1646\/revisions\/1652"}],"wp:attachment":[{"href":"https:\/\/fablabazuero.utp.ac.pa\/index.php?rest_route=%2Fwp%2Fv2%2Fmedia&parent=1646"}],"curies":[{"name":"wp","href":"https:\/\/api.w.org\/{rel}","templated":true}]}}